-7). List the prime factors of n(f).
13
Let y = -48 + 48. Let v(q) = 16 - 2 + 5 - q. List the prime factors of v(y).
19
Let v = -3 + 439. What are the prime factors of v?
2, 109
Let h(k) = -28*k + 59*k - 3 - 28*k. What are the prime factors of h(6)?
3, 5
Let y(c) = 2*c + 2. Let t(n) = n + 2. Let m(s) = -3*t(s) + 4*y(s). Let l be m(2). Suppose l = d - 2. What are the prime factors of d?
2, 7
Let l(u) = 3*u - 2. Let p be l(2). Suppose 3*n = -p*w + 4*n + 202, w - 3*n = 45. List the prime factors of w.
3, 17
Let p = 100 - -15. List the prime factors of p.
5, 23
Let c = -13 - -152. List the prime factors of c.
139
Let l(r) be the third derivative of r**5/60 - r**4/12 + 7*r**3/3 + 2*r**2. List the prime factors of l(12).
2, 67
Let y = 96 - -110. List the prime factors of y.
2, 103
Let i = 1676 - 965. What are the prime factors of i?
3, 79
Let q = -91 + 180. Let j = q + 13. What are the prime factors of j?
2, 3, 17
Let j(n) = -2*n + 7 + 0*n + 4 - 2. What are the prime factors of j(-12)?
3, 11
Let l be 3 + 22/(-7) - (-2685)/(-21). What are the prime factors of ((-14)/8)/(4/l)?
2, 7
List the prime factors of (-1075)/(-15)*(-4)/10*-111.
2, 37, 43
Suppose 70 + 79 = -3*g - t, -4*g = 2*t + 198. Let b = g - -156. List the prime factors of b.
2, 53
What are the prime factors of (-103728)/(-64) - (2 - (-5)/(-4))?
2, 3, 5
Let n = 63 - 64. List the prime factors of (n + 274)/3 + 2 + 1.
2, 47
Let v = -19 + 27. Suppose 9*u - v*u = 3. Suppose -c = u*z - 85, 0 = -2*z + 3*c + 4 + 49. List the prime factors of z.
2, 7
Let o(a) = 9*a - 6*a + 10*a - 35. What are the prime factors of o(7)?
2, 7
Let g = 395 + 1. List the prime factors of g.
2, 3, 11
Suppose -5*i + 3*j - 1031 = -6*i, i - 1036 = -2*j. What are the prime factors of i?
2, 523
Let z(k) = -79*k**3 - 3*k - 2. Let r be (2/(-3))/(12/18). List the prime factors of z(r).
2, 5
Let d(y) = 33*y**2 - y - 4. Let a be d(8). List the prime factors of (1 - (-14)/(-10))/((-4)/a).
2, 3, 5, 7
Let t = 1007 - 72. List the prime factors of t.
5, 11, 17
List the prime factors of 10/25 - (4 + 29679/(-15)).
5, 79
Let z be ((-12)/(-20))/(1/(-5)). Let j be z*(-2)/(-3) + 7. Suppose -4*d = -3*u + 26 + 16, j*u = 5*d + 65. List the prime factors of u.
2, 5
Let q(d) be the first derivative of -23*d - 7/2*d**2 - 5. List the prime factors of q(-11).
2, 3
Suppose -4540 = 4*k - 9*k - 3*d, -1805 = -2*k + d. What are the prime factors of k?
5, 181
Let k(c) = 47*c**2 - 20*c + 17. Let a(b) = -16*b**2 + 7*b - 6. Let s(t) = 17*a(t) + 6*k(t). List the prime factors of s(2).
2, 19
Let j(t) be the first derivative of 17*t**3/3 + 5*t**2/2 - 12*t + 2. Let z be j(5). List the prime factors of 4/10 + z/30.
3, 5
Let r = -9 + 10. Let z(v) = 73*v**3 - v. Let t be z(r). Suppose -c - 74 = -4*k + t, 5*k = -3*c + 191. What are the prime factors of k?
37
Let j = 648 + -438. What are the prime factors of j?
2, 3, 5, 7
Suppose -1118 + 54 = -7*g. List the prime factors of g.
2, 19
Suppose 2*t = -p + 688, -137 + 2209 = 3*p - 2*t. List the prime factors of p.
2, 3, 5, 23
Suppose -5*x - 3*p + 0*p = -3483, 2*x = -5*p + 1378. List the prime factors of x.
3, 233
Suppose 0 = 5*b + 20, 229 + 224 = c - 2*b. List the prime factors of c.
5, 89
Let i(l) = 3*l**2 - 3*l - 1. Let a be i(2). Suppose -41 = -a*m + 154. What are the prime factors of m?
3, 13
Suppose 0 = -3*k, 4*c + 6*k = 3*k - 152. Let z = 94 + c. List the prime factors of z.
2, 7
Let j(v) = 10*v + 5. Let b be j(5). Suppose 5*g = -4*x + 71, 5*x + 5*g = b + 30. Suppose 2*f + x = 4, -49 = -4*o - 3*f. What are the prime factors of o?
2
Suppose 5*w - 10*w = 245. Let y = w - -154. List the prime factors of y.
3, 5, 7
Let z = 413 + 382. What are the prime factors of z?
3, 5, 53
Suppose -4 + 2 = 2*l, -4*l = -4*i + 20. Suppose -3 = -i*h + 13. Suppose 0 = h*k - 22 - 54. List the prime factors of k.
19
Suppose l = 5, 3*f + 0*l - 29 = -4*l. Suppose -47 = -5*b + 3*c, -b - c + 15 = -f*c. List the prime factors of (-170)/(-7) + (-2)/b.
2, 3
Let u = -751 + 1559. What are the prime factors of u?
2, 101
Suppose 9*i - 3*i - 66 = 0. List the prime factors of -2 - i/(44/(-200)).
2, 3
List the prime factors of -69*(8/(-30))/((-10)/(-25)).
2, 23
Let q = 8136 - 5650. What are the prime factors of q?
2, 11, 113
Let f = -78 - -79. Let u(n) = 13*n - 2. What are the prime factors of u(f)?
11
List the prime factors of (685/(-2) + -3)/(4/(-8)).
691
Let i = -17 - -26. Suppose 0*f = f + 27. What are the prime factors of 56/(-3)*f/i?
2, 7
Let f(a) = -a**3 + 5*a**2 + 6*a + 8. Suppose h = 6*h - 30. Let i be f(h). Let p = i - -8. What are the prime factors of p?
2
Let d = -18 + 40. Let i(s) = 6*s - 46. What are the prime factors of i(d)?
2, 43
Suppose -5214 - 9418 = -4*l. What are the prime factors of l?
2, 31, 59
Let a(z) = z**3 + 38*z**2 + 42*z + 22. What are the prime factors of a(-36)?
2, 19, 29
Let b(o) = 4 - o + 2*o**3 - 5 - o. Suppose 6 = 3*r - 2*t, 4*r + 4 = 6*r + t. What are the prime factors of b(r)?
11
Let j be 5/((-60)/(-8))*126. Let p = j - 40. What are the prime factors of ((-24)/16)/((-3)/p)?
2, 11
Suppose -2*n - 4*s = -1000, -3*s - 2435 = -4*n - n. What are the prime factors of n/5*(-1)/(-2)?
7
Suppose 8 = -3*k - k. Let p = 0 - -15. Let l = k + p. List the prime factors of l.
13
Let l(p) be the first derivative of 2*p**3/3 - 4*p**2 - 5*p + 60. Suppose -d + 3 = -4. List the prime factors of l(d).
37
Suppose -50*z + 8264 = -46*z. List the prime factors of z.
2, 1033
Let g be ((-6)/(-10))/((-1)/(-5)). Suppose 18 = -g*t + 6*t. List the prime factors of t.
2, 3
Let g(c) = c + c - 3 - c + c**2. Suppose -19 - 17 = -9*b. List the prime factors of g(b).
17
Suppose i = 6*i - 1065. Suppose 4*z - z - i = 0. What are the prime factors of z?
71
Let g = -101 - -104. Suppose 108 + 114 = g*k. What are the prime factors of k?
2, 37
Let h = -466 + 728. List the prime factors of h.
2, 131
Let r(p) = 68*p**3 + p**2 - p + 1. Let a be (20/(-50))/(4/(-10)). What are the prime factors of r(a)?
3, 23
Let u = 286 + 704. What are the prime factors of u?
2, 3, 5, 11
Suppose -7440 = 8*f - 18*f. What are the prime factors of f?
2, 3, 31
What are the prime factors of (-1 + 5)*(5803/28 + 7)?
857
Suppose 2*b - 3*q = 4*b - 136, 4*b - 272 = -2*q. List the prime factors of (-4 + 1)/((-4)/b).
3, 17
Let k(v) = -3*v - 2. Let j be k(-3). Let f be (-6 + j)*12/1. List the prime factors of 64/f + 4/6.
2, 3
Let r(n) = 2*n - 3. Let i be r(3). Suppose -5*w + 16 = -a - a, -i*w = -a - 10. Suppose -76 = -a*j + 2*y, 0 = j + 3*y + y - 23. List the prime factors of j.
5, 7
List the prime factors of (3 + -8)/5 - (-103 + -1).
103
Suppose 2*z + 4*x = 1094, 4*z - 5*x - 1670 = 531. List the prime factors of z.
3, 61
Suppose -5*i + 8 = -3*i. Let x be -1*(-1 + 0)*-84. What are the prime factors of (8/(-6))/(i/x)?
2, 7
Let n(m) = m**3 - 42*m**2 - 45*m + 141. What are the prime factors of n(43)?
5, 11
Suppose 2*p = -3*p. Suppose p = 2*r - 2 - 26. What are the prime factors of r?
2, 7
Let p(d) = 4*d**2 - 6*d - 5. Let u be (10/4)/(2/4). Let z be p(u). Suppose -6*g = -g - z. What are the prime factors of g?
13
Let g(y) = y**3 + 14*y**2 + 8*y - 13. Let w be g(-12). Suppose 5*m - w + 4 = 0. What are the prime factors of m?
5, 7
Suppose -3 = 3*j - 4*g - 65, 2*g + 4 = 0. What are the prime factors of (-9 - 1)*j/(-18)?
2, 5
Suppose 0 = 3*i + l - 780, 262 = -7*i + 8*i + l. List the prime factors of i.
7, 37
Let x(l) be the first derivative of -l**3/3 + 6*l**2 - 26*l + 9. List the prime factors of x(8).
2, 3
Let w(i) = -i**2 - 9*i - 8. Let k be w(-6). Let g(f) = -f**3 + 11*f**2 - 3*f - 20. List the prime factors of g(k).
2, 5
Suppose 5*g - 1378 - 282 = 0. What are the prime factors of g?
2, 83
Let q be (-2)/(2 + (-108)/51). Suppose 0 = -v + 62 + q. What are the prime factors of v?
79
Suppose 7*y + 13*y = 12520. List the prime factors of y.
2, 313
Suppose -3*z + 0*s - 4*s + 1758 = 0, -567 = -z + 5*s. Suppose -9*m - 159 = -z. List the prime factors of m.
47
Let v be ((-98)/(-21))/(-2 - (-21)/9). Suppose -v = -13*p + 11*p. List the prime factors of p.
7
Let a = 315 + 389. List the prime factors of a.
2, 11
Let u(q) = -2*q + 7. Let x be 6/(-4) + 21/14. Let n(f) = f**2 - f - 4. Let h be n(x). What are the prime factors of u(h)?
3, 5
Let k be 15*6/40*12. Suppose -z = 5*d - 101, -3*z + k = d + 4. What are the